at is the hundred millions digit of 245624480?
2
What is the ten millions digit of 527814431?
2
What is the hundreds digit of 1068895880?
8
What is the thousands digit of 74630943?
0
What is the ten millions digit of 66806072?
6
What is the millions digit of 2304968251?
4
What is the units digit of 176012152?
2
What is the hundreds digit of 170759241?
2
What is the ten thousands digit of 620631068?
3
What is the ten thousands digit of 2058385498?
8
What is the tens digit of 161297534?
3
What is the units digit of 30960855?
5
What is the units digit of 44037203?
3
What is the hundred millions digit of 1762006338?
7
What is the units digit of 342657358?
8
What is the hundred millions digit of 4847470701?
8
What is the tens digit of 1166137517?
1
What is the hundred millions digit of 1820646376?
8
What is the ten thousands digit of 190606970?
0
What is the ten millions digit of 79578792?
7
What is the ten thousands digit of 1316147130?
4
What is the hundred thousands digit of 982969523?
9
What is the ten millions digit of 1214648312?
1
What is the thousands digit of 45718604?
8
What is the millions digit of 15156620?
5
What is the ten millions digit of 677263497?
7
What is the units digit of 182453301?
1
What is the hundred thousands digit of 20914678?
9
What is the hundreds digit of 51629125?
1
What is the ten thousands digit of 142112563?
1
What is the hundreds digit of 81570774?
7
What is the ten thousands digit of 16322895?
2
What is the hundred millions digit of 3701639179?
7
What is the hundred millions digit of 577231827?
5
What is the ten thousands digit of 213346768?
4
What is the hundred thousands digit of 6281278?
2
What is the ten thousands digit of 285485166?
8
What is the millions digit of 973502287?
3
What is the ten millions digit of 166879354?
6
What is the tens digit of 1985685575?
7
What is the hundred millions digit of 220341679?
2
What is the millions digit of 452486049?
2
What is the tens digit of 44659840?
4
What is the thousands digit of 132499367?
9
What is the ten thousands digit of 3377128531?
2
What is the hundred thousands digit of 16478318?
4
What is the thousands digit of 3330863447?
3
What is the ten millions digit of 1989846266?
8
What is the ten millions digit of 212997728?
1
What is the tens digit of 756924390?
9
What is the tens digit of 746165959?
5
What is the hundred millions digit of 216713986?
2
What is the hundreds digit of 7456881?
8
What is the thousands digit of 78673941?
3
What is the tens digit of 18637709?
0
What is the millions digit of 985236212?
5
What is the thousands digit of 57713544?
3
What is the units digit of 61113776?
6
What is the ten millions digit of 286573482?
8
What is the ten thousands digit of 46991148?
9
What is the tens digit of 49131972?
7
What is the hundred millions digit of 644826269?
6
What is the hundred millions digit of 328333934?
3
What is the hundred thousands digit of 290873050?
8
What is the hundreds digit of 183572513?
5
What is the ten thousands digit of 1511409548?
0
What is the ten thousands digit of 116160235?
6
What is the thousands digit of 66644136?
4
What is the hundreds digit of 249303155?
1
What is the millions digit of 175499847?
5
What is the ten thousands digit of 210301298?
0
What is the thousands digit of 166259118?
9
What is the tens digit of 446333453?
5
What is the tens digit of 20717413?
1
What is the units digit of 109652114?
4
What is the millions digit of 34634890?
4
What is the ten thousands digit of 762437961?
3
What is the millions digit of 1023078340?
3
What is the ten thousands digit of 2143467292?
6
What is the hundred thousands digit of 117694246?
6
What is the millions digit of 6815836642?
5
What is the tens digit of 36075491?
9
What is the units digit of 3581439731?
1
What is the millions digit of 4711259862?
1
What is the hundred millions digit of 229493244?
2
What is the units digit of 336030582?
2
What is the hundreds digit of 89571146?
1
What is the millions digit of 49512055?
9
What is the billions digit of 1923083608?
1
What is the ten millions digit of 32291410?
3
What is the thousands digit of 4881186725?
6
What is the ten thousands digit of 68782063?
8
What is the ten thousands digit of 119412305?
1
What is the hundred millions digit of 459082457?
4
What is the thousands digit of 958990427?
0
What is the thousands digit of 24708554?
8
What is the ten thousands digit of 60303538?
0
What is the ten thousands digit of 308671740?
7
What is the thousands digit of 1197624140?
4
What is the units digit of 8992603414?
4
What is the ten thousands digit of 1219304506?
0
What is the millions digit of 130309377?
0
What is the thousands digit of 165737499?
7
What is the ten thousands digit of 858412491?
1
What is the millions digit of 868597595?
8
What is the thousands digit of 31473489?
3
What is the thousands digit of 39934509?
4
What is the ten thousands digit of 2500793947?
9
What is the hundreds digit of 12363899?
8
What is the hundred millions digit of 3458729550?
4
What is the hundred thousands digit of 133567828?
5
What is the ten thousands digit of 28328175?
2
What is the billions digit of 2875855033?
2
What is the hundreds digit of 3368961791?
7
What is the ten millions digit of 44656710?
4
What is the tens digit of 9098368?
6
What is the hundred millions digit of 101231781?
1
What is the units digit of 888056576?
6
What is the hundred thousands digit of 987213366?
2
What is the units digit of 523501950?
0
What is the tens digit of 40670508?
0
What is the tens digit of 115722626?
2
What is the ten millions digit of 67516634?
6
What is the units digit of 144157456?
6
What is the hundred thousands digit of 163157395?
1
What is the ten millions digit of 602262214?
0
What is the hundred thousands digit of 748698532?
6
What is the hundred thousands digit of 6766537325?
5
What is the hundred millions digit of 2167195142?
1
What is the tens digit of 1375417587?
8
What is the tens digit of 42207294?
9
What is the hundred thousands digit of 2699542898?
5
What is the hundred millions digit of 150753648?
1
What is the tens digit of 93909117?
1
What is the tens digit of 46091306?
0
What is the hundred millions digit of 699490946?
6
What is the hundreds digit of 298032020?
0
What is the tens digit of 1535607769?
6
What is the hundred thousands digit of 1494024521?
0
What is the millions digit of 63517174?
3
What is the hundreds digit of 1768445904?
9
What is the ten millions digit of 1516232172?
1
What is the units digit of 11772408?
8
What is the hundred millions digit of 873757816?
8
What is the tens digit of 75503407?
0
What is the thousands digit of 100569792?
9
What is the thousands digit of 370054837?
4
What is the ten millions digit of 61111474?
6
What is the millions digit of 568077323?
8
What is the hundred thousands digit of 341344346?
3
What is the hundred thousands digit of 72077579?
0
What is the thousands digit of 61135774?
5
What is the millions digit of 171588249?
1
What is the hundred thousands digit of 23528145?
5
What is the millions digit of 19202518?
9
What is the units digit of 85559380?
0
What is the millions digit of 284220632?
4
What is the hundred thousands digit of 5836707?
8
What is the units digit of 1772306765?
5
What is the thousands digit of 869367?
9
What is the ten thousands digit of 16080855?
8
What is the hundreds digit of 94129151?
1
What is the hundreds digit of 51694333?
3
What is the millions digit of 499908788?
9
What is the units digit of 448723515?
5
What is the units digit of 379081402?
2
What is the units digit of 2762125339?
9
What is the units digit of 214422924?
4
What is the thousands digit of 30266822?
6
What is the units digit of 26446673?
3
What is the tens digit of 987826410?
1
What is the ten thousands digit of 179403887?
0
What is the units digit of 1092673582?
2
What is the millions digit of 1199141396?
9
What is the thousands digit of 438049400?
9
What is the units digit of 694644807?
7
What is the hundreds digit of 298839168?
1
What is the hundreds digit of 389031442?
4
What is the tens digit of 69880628?
2
What is the hundreds digit of 138338591?
5
What is the thousands digit of 821701502?
1
What is the ten thousands digit of 312379470?
7
What is the ten thousands digit of 4294782